 c(l) = 4*l**2 + 4*l + 1. Suppose -2*s = -6*s + 12. Let j be c(s). Suppose -5*g + j = 14. What is the units digit of g?
7
Suppose 0 = -z - 4, 0 = -8*w + 4*w + 4*z + 444. What is the units digit of w?
7
Suppose k + q = 2050, 3*k = -2*q + 1888 + 4257. What is the hundreds digit of k?
0
Let l(j) = j**3 - j - 1. Let a(s) = 5*s**3 - 4*s**2 - 4*s - 3. Let f(x) = -a(x) + 6*l(x). What is the units digit of f(-4)?
5
Let u = -804 + 1832. What is the hundreds digit of u?
0
Suppose 2*m + 1 = -5, 414 = 3*o + 2*m. Suppose 0 = -3*u + 7*u - o. What is the tens digit of u?
3
Let c(u) = 12*u**2 + 18*u - 91. What is the tens digit of c(11)?
5
Suppose -12 = 5*v + 13. Let f(b) = -b**2 - 2*b - 6. Let g be f(v). Let u = g - -35. What is the tens digit of u?
1
Suppose -2*b = -3*r + 3045 - 1156, -b - 631 = -r. What is the tens digit of r?
2
Let i(n) = -n**3 + 2*n**2 + 8*n - 3. Let q be i(4). What is the units digit of 38 - -3 - 6/q?
3
Suppose 208 = -4*f - 3*z + 3700, 0 = f + 3*z - 864. What is the hundreds digit of f?
8
Suppose 0 = 3*u - 7*u + 7976. What is the thousands digit of u?
1
What is the thousands digit of (-10 + 8 - 7/(-1))*202?
1
Let n be 3 - (-2 - 1)*-2. Let u be n*4/(1*-12). Suppose -131 = -5*m - u. What is the units digit of m?
6
What is the hundreds digit of (-14928)/(-10) - (-24)/120?
4
Suppose -2 = -a - 7. Let n(o) = -o**3 - 6*o**2 - 6*o - 2. Let w be n(a). Suppose -w*x + 100 = 2*x. What is the units digit of x?
0
Let i(t) be the first derivative of t**4/4 + 3*t + 2. Let g be i(0). Suppose -g*y - 2*c + 92 = 0, 3*y = 5*y + 5*c - 65. What is the tens digit of y?
3
Let l be -3*(-5)/3*1. Suppose l*k - 4*d - 350 = 0, 4*d - 244 = 2*k - 6*k. What is the tens digit of k?
6
Suppose 4*r - 20 = -r. Suppose 0 = -r*o + 5*o. Suppose 0 = 4*j + 4*s - 128, o*j + 44 = j - 3*s. What is the tens digit of j?
3
Let z be (-301)/(-21) + (-2)/(-3). Suppose -2*x + z = x. Suppose -g + 11 = -w, x*w - 4*w = -2*g + 31. What is the units digit of g?
4
Suppose 2*l + 1174 = q - 0*q, -2346 = 4*l - 3*q. Suppose 5*g - 2*d = 58, -2*g + 5*d + 31 = -9. What is the tens digit of l/(-20) + (-4)/g?
2
Suppose 8*n + a + 334 = 9*n, 336 = n + a. What is the hundreds digit of n?
3
Suppose -3*o = -6*o - 6. Let d(q) = 25*q**3 + 2*q**2 - 3*q - 2. Let s be d(o). What is the tens digit of (-4)/(-10) + s/(-5)?
3
Let b(a) = a**2 - 11*a + 7. Let o(s) = -8*s**2 + 9*s**2 + s**3 - 2*s + s**2. Let t be o(2). What is the tens digit of b(t)?
1
Suppose 3*q - 96 + 24 = 0. Let k be 5*(8/30)/(1/(-99)). What is the units digit of q/k + (-840)/(-22)?
8
Let w(n) = 2*n**3 + 4*n**2 - 9. Let d be w(4). Let r = -107 + d. What is the tens digit of r?
7
Suppose -4*o + 4*i = 12, -2*i + 12 - 4 = 0. Let s(m) = 26*m**3 - 6*m**3 - 3*m - m**2 + 4*m. What is the units digit of s(o)?
0
Let m = 96 - -29. Let t = -46 + m. Suppose -4*g - p = -t, p + p + 2 = 0. What is the tens digit of g?
2
Let m be (10 - 2)*(-3 + 2). Let s = 12 + m. Suppose s*f - 82 = 3*c - 2*c, 0 = 5*f - c - 102. What is the units digit of f?
0
Let c(m) = 105*m - m**3 + 2*m**3 - 108*m + 10*m**2 + 1. Let n(l) = 10*l. Let f be n(-1). What is the tens digit of c(f)?
3
Let q(z) = z**2 + 31*z - 90. What is the hundreds digit of q(24)?
2
Suppose -6*o + 2*o = 2*f - 7110, -3*o = 4*f - 14235. What is the units digit of f?
1
Let x(d) = 6*d**2 + 2*d - 3. Let j(y) = y**3 - 8*y**2 + 1. Let s be j(8). What is the units digit of x(s)?
5
Suppose -2*u + 4 = -2. Suppose -u*r = 2*l - 4*r - 286, 0 = l - 4*r - 129. Let t = l + -87. What is the tens digit of t?
5
Let z(v) = -4 + 5*v + v**2 - 1 + 2 - 4. What is the units digit of z(-8)?
7
Let b(n) = 4*n**2 + 6*n - 3*n**2 - 7*n. Let y be b(1). Suppose y = -o - 2*o + 30. What is the units digit of o?
0
Suppose -o + 2*b = -297, 1152 = 4*o - 75*b + 76*b. What is the tens digit of o?
8
Let p = 589 - -363. What is the hundreds digit of p?
9
Suppose -63*p + 66*p = 3*c - 5109, 4*p + 8512 = 5*c. What is the units digit of c?
0
Suppose 3*q + 31 = -4*g - 3, -4*g = -4*q - 8. What is the units digit of (-54)/(-12)*(-20)/q?
5
Let c(v) = 5 - 48*v - 32*v + 92*v - 3. Let m(y) = -y + 5. Let q be m(0). What is the tens digit of c(q)?
6
Suppose -4*r - 4*w = -0*w - 12, 5*w - 15 = 4*r. Suppose r = -5*a + a + 12. Let s = a + 9. What is the units digit of s?
2
Let s(c) = c**2 - 3*c - 5. Let n be s(4). What is the units digit of 396/9*(-1)/n?
4
Let l(q) = -3*q - 17. Let g be l(-7). Suppose -d = -g*m - 95, 3 = 4*m - 17. What is the tens digit of d?
1
Let i = 4455 + -2976. What is the hundreds digit of i?
4
Suppose l = -4*q + 1465, l = -3*q + 4*l + 1080. Suppose q = 5*u - 2*a, 3*a + 224 = 4*u - 75. What is the tens digit of u?
7
Let t be 23/(-5) - 4/10. Let y(p) = -4*p**2 - 8*p + 5. Let z(d) = d**2 + 2*d. Let k(o) = -y(o) - 3*z(o). What is the units digit of k(t)?
0
Let f(i) = -i**3 - 9*i**2 + 8*i - 5. Let q be f(-10). Let s be -15*(2 - 36/q). Let o = s + -2. What is the units digit of o?
4
Let k = -267 - -892. What is the tens digit of k?
2
Suppose 4*s - 1113 = 8051. What is the tens digit of s?
9
Let v(a) = -a**2 - 20*a + 33. Let w be v(-21). Suppose 11*q = 142 + w. What is the tens digit of q?
1
Let w = 3 + 1. Let o be 4*3/w - 1. Suppose z - 59 = 2*a, -o = 3*a + 1. What is the tens digit of z?
5
Let n(f) = -10*f + 1. Let j be n(-6). Suppose -227 = -8*x + j. What is the units digit of x?
6
Suppose 2 = 3*v - 1. Suppose 22 = -w - 4*p, w + v + 1 = p. What is the units digit of 33/6 - w/(-4)?
4
What is the units digit of -8 + 3 + (5634 - -4)/2?
4
Let k(n) = n**2 - 6*n + 11. Let f(z) = -5*z**2 + 31*z - 56. Let d(a) = 2*f(a) + 11*k(a). Suppose 5*p = 34 - 4. What is the tens digit of d(p)?
2
Let o(h) = 12*h**2 + h + 1. Let k(y) = y**3 - 9*y**2 + 9*y - 1. Let g be k(8). Suppose -3*x = -4 + g. What is the units digit of o(x)?
2
Let n be (-26)/4 - (-2)/(-4). Let b(o) = -3*o**2 - 10*o - 7. Let g be b(n). Let p = 128 + g. What is the tens digit of p?
4
Let o = -1 + -20. Let g be (-2)/(1 - o/(-15)). Let l(u) = -u**2 + 7*u + 1. What is the units digit of l(g)?
1
Let z(k) = -k**2 + 11*k + 21. Let h(v) = v**2 - 10*v - 21. Let s(q) = 6*h(q) + 5*z(q). Let i be s(9). Suppose i*w - 80 = 13*w. What is the tens digit of w?
4
Let u = 19 + -14. Suppose -u*a + 5*o = -75, -6*o + o = 3*a - 45. What is the units digit of a?
5
Suppose 3*a - 225 = 3. Let r = a + -41. What is the units digit of r?
5
Let r = 3521 - 825. What is the units digit of r?
6
Let a be 1/(((-28)/(-12))/7). Suppose -2*r = -4*j + 80, -a*j - 4*r + 39 + 21 = 0. Suppose 2*w + 2*w = -2*q + j, 3*w = 4*q - 40. What is the tens digit of q?
1
Let f(p) = p**2 + 21*p - 105. What is the hundreds digit of f(10)?
2
Let s(t) = 5*t**2 - 9*t + 44. What is the hundreds digit of s(6)?
1
Suppose 0 = -5*g + 10 + 75. Let m = g - 14. Suppose 2*f + a = 49, m*f = -3*a + a + 76. What is the units digit of f?
2
Let k = 14 - -7. Suppose -k*d + 16*d = -15. Suppose d*n + 42 = 6*n. What is the tens digit of n?
1
Let k = 748 - -452. What is the hundreds digit of k?
2
Suppose -12*m = -2*m - 680. What is the units digit of m?
8
Suppose 2*w = -6*w + 24. Suppose w*g - 7*g + 116 = 4*z, -g = 4*z - 44. What is the tens digit of g?
2
Let p(s) be the second derivative of s**4/12 - 2*s**3/3 + 5*s**2/2 - 9*s. Let d be p(4). Suppose -d*q = -7*q + 82. What is the units digit of q?
1
Let h(z) be the first derivative of z**3 - 4*z**2 - 7*z + 7. Let b be h(9). What is the tens digit of (b/12 + 3)*3?
5
Let o(p) = p**2 - 2*p. Let a be o(3). Suppose -v - 2*v + 5*s + 22 = 0, a*v - 6 = -3*s. Suppose y = -5*z + 124, z + v*y - 46 = -z. What is the tens digit of z?
2
Suppose -4 = x - 0, 3*x - 8 = -5*p. Suppose 5*y + p*y - 45 = 0. What is the units digit of y?
5
Let q(c) = 103*c - 12. What is the tens digit of q(1)?
9
Suppose 112 + 40 = -2*q. Let s = -31 - q. What is the tens digit of s?
4
What is the hundreds digit of 2/9 - (-163067)/261?
6
Suppose 5*i - 291 + 166 = 0. What is the tens digit of i?
2
Suppose -2 = m, -3*m + 69 = r + 4. Suppose 0 = -3*j + o - 3*o + r, 2*o - 96 = -4*j. Let k = 35 - j. What is the units digit of k?
0
Let a(l) = 5*l + 6. Let s be a(5). Let y(i) = -i**2 + 13*i - 8. Let f be y(13). Let t = s - f. What is the units digit of t?
9
What is the tens digit of 2/5 + (-43146)/(-135)?
2
Let u(b) = -4*b**3 - b**2 + b + 1. Let q be u(-1). Suppose -5*p = q*